{"id":1728,"date":"2019-04-02T15:46:02","date_gmt":"2019-04-02T13:46:02","guid":{"rendered":"https:\/\/sandbox2.n-3rd.com\/supeco\/?page_id=1728"},"modified":"2025-05-26T15:16:46","modified_gmt":"2025-05-26T13:16:46","slug":"le-concept","status":"publish","type":"page","link":"https:\/\/sbx82.cod.cc\/cfao\/supeco\/le-concept\/","title":{"rendered":"Le concept"},"content":{"rendered":"\t\t<div data-elementor-type=\"wp-page\" data-elementor-id=\"1728\" class=\"elementor elementor-1728\" data-elementor-post-type=\"page\">\n\t\t\t\t<div class=\"elementor-element elementor-element-14e937d e-flex e-con-boxed e-con e-parent\" data-id=\"14e937d\" data-element_type=\"container\">\n\t\t\t\t\t<div class=\"e-con-inner\">\n\t\t\t\t<div class=\"elementor-element elementor-element-70ee014 elementor-widget elementor-widget-spacer\" data-id=\"70ee014\" data-element_type=\"widget\" data-widget_type=\"spacer.default\">\n\t\t\t\t<div class=\"elementor-widget-container\">\n\t\t\t\t\t\t\t<div class=\"elementor-spacer\">\n\t\t\t<div class=\"elementor-spacer-inner\"><\/div>\n\t\t<\/div>\n\t\t\t\t\t\t<\/div>\n\t\t\t\t<\/div>\n\t\t\t\t<div class=\"elementor-element elementor-element-a8caa65 elementor-widget elementor-widget-heading\" data-id=\"a8caa65\" data-element_type=\"widget\" data-widget_type=\"heading.default\">\n\t\t\t\t<div class=\"elementor-widget-container\">\n\t\t\t\t\t<h2 class=\"elementor-heading-title elementor-size-default\">\nLe concept<\/h2>\t\t\t\t<\/div>\n\t\t\t\t<\/div>\n\t\t\t\t<div class=\"elementor-element elementor-element-d194c99 p-mt-0 elementor-widget elementor-widget-text-editor\" data-id=\"d194c99\" data-element_type=\"widget\" data-widget_type=\"text-editor.default\">\n\t\t\t\t<div class=\"elementor-widget-container\">\n\t\t\t\t\t\t\t\t\t<section class=\"kc-elm kc-css-215818 kc_row\"><div class=\"kc-row-container  kc-container\"><div class=\"kc-wrap-columns\"><div class=\"kc-elm kc-css-970883 kc_col-sm-12 kc_column kc_col-sm-12\"><div class=\"kc-col-container\"><div class=\"kc-elm kc-css-418267 kc_text_block\"><p>D\u2019une superficie de 750 \u00e0 1000 m2, le Supeco type se situe au c\u0153ur des quartiers \u00e0 forte densit\u00e9 de population. Il propose 2500 r\u00e9f\u00e9rences incontournables dont une partie en marque distributeur Carrefour.\u00a0<\/p><\/div><div class=\"kc-elm kc-css-893485 kc_text_block\"><p>Ambiance \u00e9pur\u00e9e, palettes sur racks et main d\u2019\u0153uvre polyvalente, un Supeco offre \u00e0 ses clients, particuliers comme professionnels, des prix stables et bas toute l\u2019ann\u00e9e.<\/p><\/div><div class=\"kc-elm kc-css-152432 kc_text_block\"><p>Comment ?<\/p><p>Supeco, c\u2019est une cha\u00eene d\u2019efforts r\u00e9alis\u00e9s sur tous les co\u00fbts :<\/p><ul><li>Le mobilier : \u00e0 base de racks et de palettes<\/li><li>Le stockage : en magasin<\/li><li>L\u2019\u00e9nergie : en limitant par exemple la climatisation et favorisant la ventilation,<\/li><li>La d\u00e9coration : \u00e9pur\u00e9e au seul service de l\u2019information du client,<\/li><li>La publicit\u00e9<\/li><li>\u2026 pour faire des \u00e9conomies qui sont ensuite r\u00e9percut\u00e9es sur les prix de vente.<\/li><\/ul><\/div><\/div><\/div><\/div><\/div><\/section><section class=\"kc-elm kc-css-351132 kc_row\"><div class=\"kc-row-container  kc-container\"><div class=\"kc-wrap-columns\"><div class=\"kc-elm kc-css-400816 kc_col-sm-12 kc_column kc_col-sm-12\"><div class=\"kc-col-container\"><div class=\"kc-elm kc-css-960147 kc_text_block\"><p>Supeco, c\u2019est aussi un double affichage des prix de vente !<\/p><p>En effet, chez Supeco vous trouverez des prix de vente unitaires mais \u00e9galement des prix sp\u00e9cifiques pour des achats en gros sur une part importante de l\u2019assortiment.<\/p><\/div><\/div><\/div><\/div><\/div><\/section><section class=\"kc-elm kc-css-298521 kc_row\"><div class=\"kc-row-container  kc-container\"><div class=\"kc-wrap-columns\"><div class=\"kc-elm kc-css-762009 kc_col-sm-12 kc_column kc_col-sm-12\"><div class=\"kc-col-container\">\u00a0<\/div><\/div><\/div><\/div><\/section>\t\t\t\t\t\t\t\t<\/div>\n\t\t\t\t<\/div>\n\t\t\t\t<div class=\"elementor-element elementor-element-6094192 elementor-widget elementor-widget-image\" data-id=\"6094192\" data-element_type=\"widget\" data-widget_type=\"image.default\">\n\t\t\t\t<div class=\"elementor-widget-container\">\n\t\t\t\t\t\t\t\t\t\t\t\t\t\t\t<img fetchpriority=\"high\" decoding=\"async\" width=\"1500\" height=\"310\" src=\"https:\/\/sbx82.cod.cc\/cfao\/supeco\/wp-content\/uploads\/2019\/07\/qui-sommes-nous_Plan-de-travail-1-copie.jpg\" class=\"attachment-1536x1536 size-1536x1536 wp-image-1924\" alt=\"\" srcset=\"https:\/\/sbx82.cod.cc\/cfao\/supeco\/wp-content\/uploads\/2019\/07\/qui-sommes-nous_Plan-de-travail-1-copie.jpg 1500w, https:\/\/sbx82.cod.cc\/cfao\/supeco\/wp-content\/uploads\/2019\/07\/qui-sommes-nous_Plan-de-travail-1-copie-300x62.jpg 300w, https:\/\/sbx82.cod.cc\/cfao\/supeco\/wp-content\/uploads\/2019\/07\/qui-sommes-nous_Plan-de-travail-1-copie-768x159.jpg 768w, https:\/\/sbx82.cod.cc\/cfao\/supeco\/wp-content\/uploads\/2019\/07\/qui-sommes-nous_Plan-de-travail-1-copie-1024x212.jpg 1024w\" sizes=\"(max-width: 1500px) 100vw, 1500px\" \/>\t\t\t\t\t\t\t\t\t\t\t\t\t\t\t<\/div>\n\t\t\t\t<\/div>\n\t\t\t\t<div class=\"elementor-element elementor-element-b4c3260 elementor-widget elementor-widget-spacer\" data-id=\"b4c3260\" data-element_type=\"widget\" data-widget_type=\"spacer.default\">\n\t\t\t\t<div class=\"elementor-widget-container\">\n\t\t\t\t\t\t\t<div class=\"elementor-spacer\">\n\t\t\t<div class=\"elementor-spacer-inner\"><\/div>\n\t\t<\/div>\n\t\t\t\t\t\t<\/div>\n\t\t\t\t<\/div>\n\t\t\t\t\t<\/div>\n\t\t\t\t<\/div>\n\t\t\t\t<\/div>\n\t\t","protected":false},"excerpt":{"rendered":"<p>Le concept D\u2019une superficie de 750 \u00e0 1000 m2, le Supeco type se situe au c\u0153ur des quartiers \u00e0 forte densit\u00e9 de population. Il propose 2500 r\u00e9f\u00e9rences incontournables dont une partie en marque distributeur Carrefour.\u00a0 Ambiance \u00e9pur\u00e9e, palettes sur racks et main d\u2019\u0153uvre polyvalente, un Supeco offre \u00e0 ses clients, particuliers comme professionnels, des prix [&hellip;]<\/p>\n","protected":false},"author":1,"featured_media":0,"parent":0,"menu_order":0,"comment_status":"closed","ping_status":"closed","template":"","meta":{"_acf_changed":false,"footnotes":""},"class_list":["post-1728","page","type-page","status-publish","hentry"],"pp_force_visibility":null,"pp_subpost_visibility":null,"pp_inherited_force_visibility":null,"pp_inherited_subpost_visibility":null,"acf":[],"yoast_head":"<!-- This site is optimized with the Yoast SEO plugin v25.2 - https:\/\/yoast.com\/wordpress\/plugins\/seo\/ -->\n<title>Le concept - Supeco<\/title>\n<meta name=\"robots\" content=\"index, follow, max-snippet:-1, max-image-preview:large, max-video-preview:-1\" \/>\n<link rel=\"canonical\" href=\"https:\/\/sbx82.cod.cc\/cfao\/supeco\/le-concept\/\" \/>\n<meta property=\"og:locale\" content=\"fr_FR\" \/>\n<meta property=\"og:type\" content=\"article\" \/>\n<meta property=\"og:title\" content=\"Le concept - Supeco\" \/>\n<meta property=\"og:description\" content=\"Le concept D\u2019une superficie de 750 \u00e0 1000 m2, le Supeco type se situe au c\u0153ur des quartiers \u00e0 forte densit\u00e9 de population. Il propose 2500 r\u00e9f\u00e9rences incontournables dont une partie en marque distributeur Carrefour.\u00a0 Ambiance \u00e9pur\u00e9e, palettes sur racks et main d\u2019\u0153uvre polyvalente, un Supeco offre \u00e0 ses clients, particuliers comme professionnels, des prix [&hellip;]\" \/>\n<meta property=\"og:url\" content=\"https:\/\/sbx82.cod.cc\/cfao\/supeco\/le-concept\/\" \/>\n<meta property=\"og:site_name\" content=\"Supeco\" \/>\n<meta property=\"article:modified_time\" content=\"2025-05-26T13:16:46+00:00\" \/>\n<meta property=\"og:image\" content=\"https:\/\/sbx82.cod.cc\/cfao\/supeco\/wp-content\/uploads\/2019\/07\/qui-sommes-nous_Plan-de-travail-1-copie.jpg\" \/>\n<meta name=\"twitter:card\" content=\"summary_large_image\" \/>\n<meta name=\"twitter:label1\" content=\"Dur\u00e9e de lecture estim\u00e9e\" \/>\n\t<meta name=\"twitter:data1\" content=\"2 minutes\" \/>\n<script type=\"application\/ld+json\" class=\"yoast-schema-graph\">{\"@context\":\"https:\/\/schema.org\",\"@graph\":[{\"@type\":\"WebPage\",\"@id\":\"https:\/\/sbx82.cod.cc\/cfao\/supeco\/le-concept\/\",\"url\":\"https:\/\/sbx82.cod.cc\/cfao\/supeco\/le-concept\/\",\"name\":\"Le concept - Supeco\",\"isPartOf\":{\"@id\":\"https:\/\/sbx82.cod.cc\/cfao\/supeco\/#website\"},\"primaryImageOfPage\":{\"@id\":\"https:\/\/sbx82.cod.cc\/cfao\/supeco\/le-concept\/#primaryimage\"},\"image\":{\"@id\":\"https:\/\/sbx82.cod.cc\/cfao\/supeco\/le-concept\/#primaryimage\"},\"thumbnailUrl\":\"https:\/\/sbx82.cod.cc\/cfao\/supeco\/wp-content\/uploads\/2019\/07\/qui-sommes-nous_Plan-de-travail-1-copie.jpg\",\"datePublished\":\"2019-04-02T13:46:02+00:00\",\"dateModified\":\"2025-05-26T13:16:46+00:00\",\"inLanguage\":\"fr-FR\",\"potentialAction\":[{\"@type\":\"ReadAction\",\"target\":[\"https:\/\/sbx82.cod.cc\/cfao\/supeco\/le-concept\/\"]}]},{\"@type\":\"ImageObject\",\"inLanguage\":\"fr-FR\",\"@id\":\"https:\/\/sbx82.cod.cc\/cfao\/supeco\/le-concept\/#primaryimage\",\"url\":\"https:\/\/sbx82.cod.cc\/cfao\/supeco\/wp-content\/uploads\/2019\/07\/qui-sommes-nous_Plan-de-travail-1-copie.jpg\",\"contentUrl\":\"https:\/\/sbx82.cod.cc\/cfao\/supeco\/wp-content\/uploads\/2019\/07\/qui-sommes-nous_Plan-de-travail-1-copie.jpg\",\"width\":1500,\"height\":310},{\"@type\":\"WebSite\",\"@id\":\"https:\/\/sbx82.cod.cc\/cfao\/supeco\/#website\",\"url\":\"https:\/\/sbx82.cod.cc\/cfao\/supeco\/\",\"name\":\"Supeco\",\"description\":\"Supermarch\u00e9 \u00e9conomique - permet de r\u00e9aliser des \u00e9conomies tous les jours\",\"publisher\":{\"@id\":\"https:\/\/sbx82.cod.cc\/cfao\/supeco\/#organization\"},\"potentialAction\":[{\"@type\":\"SearchAction\",\"target\":{\"@type\":\"EntryPoint\",\"urlTemplate\":\"https:\/\/sbx82.cod.cc\/cfao\/supeco\/?s={search_term_string}\"},\"query-input\":{\"@type\":\"PropertyValueSpecification\",\"valueRequired\":true,\"valueName\":\"search_term_string\"}}],\"inLanguage\":\"fr-FR\"},{\"@type\":\"Organization\",\"@id\":\"https:\/\/sbx82.cod.cc\/cfao\/supeco\/#organization\",\"name\":\"Supeco\",\"url\":\"https:\/\/sbx82.cod.cc\/cfao\/supeco\/\",\"logo\":{\"@type\":\"ImageObject\",\"inLanguage\":\"fr-FR\",\"@id\":\"https:\/\/sbx82.cod.cc\/cfao\/supeco\/#\/schema\/logo\/image\/\",\"url\":\"https:\/\/sbx82.cod.cc\/cfao\/supeco\/wp-content\/uploads\/2019\/03\/supeco-baseline-rectangle-logo.gif\",\"contentUrl\":\"https:\/\/sbx82.cod.cc\/cfao\/supeco\/wp-content\/uploads\/2019\/03\/supeco-baseline-rectangle-logo.gif\",\"width\":200,\"height\":73,\"caption\":\"Supeco\"},\"image\":{\"@id\":\"https:\/\/sbx82.cod.cc\/cfao\/supeco\/#\/schema\/logo\/image\/\"},\"sameAs\":[\"https:\/\/www.linkedin.com\/company\/28987507\/\"]}]}<\/script>\n<!-- \/ Yoast SEO plugin. -->","yoast_head_json":{"title":"Le concept - Supeco","robots":{"index":"index","follow":"follow","max-snippet":"max-snippet:-1","max-image-preview":"max-image-preview:large","max-video-preview":"max-video-preview:-1"},"canonical":"https:\/\/sbx82.cod.cc\/cfao\/supeco\/le-concept\/","og_locale":"fr_FR","og_type":"article","og_title":"Le concept - Supeco","og_description":"Le concept D\u2019une superficie de 750 \u00e0 1000 m2, le Supeco type se situe au c\u0153ur des quartiers \u00e0 forte densit\u00e9 de population. Il propose 2500 r\u00e9f\u00e9rences incontournables dont une partie en marque distributeur Carrefour.\u00a0 Ambiance \u00e9pur\u00e9e, palettes sur racks et main d\u2019\u0153uvre polyvalente, un Supeco offre \u00e0 ses clients, particuliers comme professionnels, des prix [&hellip;]","og_url":"https:\/\/sbx82.cod.cc\/cfao\/supeco\/le-concept\/","og_site_name":"Supeco","article_modified_time":"2025-05-26T13:16:46+00:00","og_image":[{"url":"https:\/\/sbx82.cod.cc\/cfao\/supeco\/wp-content\/uploads\/2019\/07\/qui-sommes-nous_Plan-de-travail-1-copie.jpg","type":"","width":"","height":""}],"twitter_card":"summary_large_image","twitter_misc":{"Dur\u00e9e de lecture estim\u00e9e":"2 minutes"},"schema":{"@context":"https:\/\/schema.org","@graph":[{"@type":"WebPage","@id":"https:\/\/sbx82.cod.cc\/cfao\/supeco\/le-concept\/","url":"https:\/\/sbx82.cod.cc\/cfao\/supeco\/le-concept\/","name":"Le concept - Supeco","isPartOf":{"@id":"https:\/\/sbx82.cod.cc\/cfao\/supeco\/#website"},"primaryImageOfPage":{"@id":"https:\/\/sbx82.cod.cc\/cfao\/supeco\/le-concept\/#primaryimage"},"image":{"@id":"https:\/\/sbx82.cod.cc\/cfao\/supeco\/le-concept\/#primaryimage"},"thumbnailUrl":"https:\/\/sbx82.cod.cc\/cfao\/supeco\/wp-content\/uploads\/2019\/07\/qui-sommes-nous_Plan-de-travail-1-copie.jpg","datePublished":"2019-04-02T13:46:02+00:00","dateModified":"2025-05-26T13:16:46+00:00","inLanguage":"fr-FR","potentialAction":[{"@type":"ReadAction","target":["https:\/\/sbx82.cod.cc\/cfao\/supeco\/le-concept\/"]}]},{"@type":"ImageObject","inLanguage":"fr-FR","@id":"https:\/\/sbx82.cod.cc\/cfao\/supeco\/le-concept\/#primaryimage","url":"https:\/\/sbx82.cod.cc\/cfao\/supeco\/wp-content\/uploads\/2019\/07\/qui-sommes-nous_Plan-de-travail-1-copie.jpg","contentUrl":"https:\/\/sbx82.cod.cc\/cfao\/supeco\/wp-content\/uploads\/2019\/07\/qui-sommes-nous_Plan-de-travail-1-copie.jpg","width":1500,"height":310},{"@type":"WebSite","@id":"https:\/\/sbx82.cod.cc\/cfao\/supeco\/#website","url":"https:\/\/sbx82.cod.cc\/cfao\/supeco\/","name":"Supeco","description":"Supermarch\u00e9 \u00e9conomique - permet de r\u00e9aliser des \u00e9conomies tous les jours","publisher":{"@id":"https:\/\/sbx82.cod.cc\/cfao\/supeco\/#organization"},"potentialAction":[{"@type":"SearchAction","target":{"@type":"EntryPoint","urlTemplate":"https:\/\/sbx82.cod.cc\/cfao\/supeco\/?s={search_term_string}"},"query-input":{"@type":"PropertyValueSpecification","valueRequired":true,"valueName":"search_term_string"}}],"inLanguage":"fr-FR"},{"@type":"Organization","@id":"https:\/\/sbx82.cod.cc\/cfao\/supeco\/#organization","name":"Supeco","url":"https:\/\/sbx82.cod.cc\/cfao\/supeco\/","logo":{"@type":"ImageObject","inLanguage":"fr-FR","@id":"https:\/\/sbx82.cod.cc\/cfao\/supeco\/#\/schema\/logo\/image\/","url":"https:\/\/sbx82.cod.cc\/cfao\/supeco\/wp-content\/uploads\/2019\/03\/supeco-baseline-rectangle-logo.gif","contentUrl":"https:\/\/sbx82.cod.cc\/cfao\/supeco\/wp-content\/uploads\/2019\/03\/supeco-baseline-rectangle-logo.gif","width":200,"height":73,"caption":"Supeco"},"image":{"@id":"https:\/\/sbx82.cod.cc\/cfao\/supeco\/#\/schema\/logo\/image\/"},"sameAs":["https:\/\/www.linkedin.com\/company\/28987507\/"]}]}},"_links":{"self":[{"href":"https:\/\/sbx82.cod.cc\/cfao\/supeco\/wp-json\/wp\/v2\/pages\/1728","targetHints":{"allow":["GET"]}}],"collection":[{"href":"https:\/\/sbx82.cod.cc\/cfao\/supeco\/wp-json\/wp\/v2\/pages"}],"about":[{"href":"https:\/\/sbx82.cod.cc\/cfao\/supeco\/wp-json\/wp\/v2\/types\/page"}],"author":[{"embeddable":true,"href":"https:\/\/sbx82.cod.cc\/cfao\/supeco\/wp-json\/wp\/v2\/users\/1"}],"replies":[{"embeddable":true,"href":"https:\/\/sbx82.cod.cc\/cfao\/supeco\/wp-json\/wp\/v2\/comments?post=1728"}],"version-history":[{"count":35,"href":"https:\/\/sbx82.cod.cc\/cfao\/supeco\/wp-json\/wp\/v2\/pages\/1728\/revisions"}],"predecessor-version":[{"id":3812,"href":"https:\/\/sbx82.cod.cc\/cfao\/supeco\/wp-json\/wp\/v2\/pages\/1728\/revisions\/3812"}],"wp:attachment":[{"href":"https:\/\/sbx82.cod.cc\/cfao\/supeco\/wp-json\/wp\/v2\/media?parent=1728"}],"curies":[{"name":"wp","href":"https:\/\/api.w.org\/{rel}","templated":true}]}}